is -2 + -43932648?
-43932650
In base 6, what is 302225342 - 230?
302225112
In base 5, what is -1201303241043 + 0?
-1201303241043
In base 13, what is -71146 + -26?
-7116c
In base 14, what is -590aa351 - -1?
-590aa350
In base 13, what is a + -105725?
-105718
In base 14, what is -13b6 - 43b05?
-450bb
In base 8, what is 2 - 11707751?
-11707747
In base 11, what is 31379 - 358a?
2889a
In base 15, what is -5557 + -27d1?
-7d38
In base 14, what is 9a5d + 2d8?
9d57
In base 11, what is 64202 + 69a?
648a1
In base 15, what is 1531 - 2e324?
-2cce3
In base 15, what is 55ec8 + 29?
56002
In base 16, what is 327c5d - -3?
327c60
In base 9, what is 4720410 + 51?
4720461
In base 4, what is 2303210111303 + 12?
2303210111321
In base 13, what is c2575 + -947?
c192b
In base 9, what is 1 + 11228080?
11228081
In base 15, what is d17dce + 1?
d17dd0
In base 13, what is 2b96ca + -1?
2b96c9
In base 15, what is -22548e6e + -4?
-22548e73
In base 13, what is 9613c - -497?
96606
In base 15, what is 7 - d136ea?
-d136e3
In base 3, what is 2 + -11210121101010?
-11210121101001
In base 16, what is 2a + -b8ed2?
-b8ea8
In base 5, what is 3440321 + -2241?
3433030
In base 16, what is 548 - 66a36?
-664ee
In base 5, what is 33 - 2134400?
-2134312
In base 13, what is -366a13c - -1a?
-366a122
In base 10, what is -131153 - -142?
-131011
In base 11, what is 1 - -6028a981?
6028a982
In base 3, what is 100020100 - -20020?
100110120
In base 10, what is 1251 - -361021?
362272
In base 15, what is -3 - 1dc5663?
-1dc5666
In base 6, what is -32543 - -300435?
223452
In base 3, what is 1221220201200200 - 1?
1221220201200122
In base 7, what is -2355336 + -13?
-2355352
In base 9, what is 45 + -1748012?
-1747856
In base 7, what is -244565 + -2516?
-250414
In base 9, what is 411408 - 3151?
407247
In base 5, what is 10024033022 - -31?
10024033103
In base 5, what is -14140 + 204304?
140114
In base 4, what is 311021003 - 301?
311020102
In base 13, what is -29413 - -89?
-29357
In base 3, what is -2001210 + 2110100011?
2101021101
In base 5, what is 1411433 - 20?
1411413
In base 7, what is -3552064 - 143?
-3552240
In base 12, what is b82 + 1a980?
1b942
In base 11, what is -1794a4 + 54?
-179450
In base 14, what is 1a976 + 572?
1b108
In base 13, what is -1 - -131c1b2a?
131c1b29
In base 3, what is 11 + -21211120211022122?
-21211120211022111
In base 6, what is -14103442113 + 0?
-14103442113
In base 3, what is -1002 + 1210121111120?
1210121110111
In base 9, what is -10 - 21137033?
-21137043
In base 4, what is 3002222003002 - -3?
3002222003011
In base 11, what is -14615338 - -3?
-14615335
In base 11, what is 1468 + 2836?
41a3
In base 5, what is 1143101002 + 220?
1143101222
In base 5, what is -30214 + -1024401?
-1110120
In base 11, what is 2309 - 418a58?
-41674a
In base 13, what is 13 + 35b6a0?
35b6b3
In base 16, what is 33a0 + -c588?
-91e8
In base 16, what is -3af + e490?
e0e1
In base 14, what is -17d0acbc + -3?
-17d0acc1
In base 10, what is -1473921 + -4?
-1473925
In base 7, what is 160536545 + -2?
160536543
In base 4, what is 1013322202102 - 3?
1013322202033
In base 8, what is -64570 - -277?
-64271
In base 4, what is 10111123 - 233200?
3211323
In base 11, what is 13222796 + -14?
13222782
In base 13, what is -3 - b272971?
-b272974
In base 7, what is -54305 - 1340?
-55645
In base 2, what is 100011001011010 - 101000?
100011000110010
In base 13, what is -162 + 133130?
132c9b
In base 7, what is -1 - -235450461?
235450460
In base 9, what is 13665785 + -8?
13665776
In base 5, what is 0 - -2231134222?
2231134222
In base 2, what is -10001 - 1111111100101100100?
-1111111100101110101
In base 4, what is 1101233310223011 + -2?
1101233310223003
In base 9, what is 475750733 + 3?
475750736
In base 2, what is -1000011010001111110001 - 1110?
-1000011010001111111111
In base 2, what is -11100111101010100100000 + 10010110?
-11100111101010010001010
In base 10, what is 4650125 - 8?
4650117
In base 12, what is 889 + -69473?
-687a6
In base 9, what is -1041 + -16188?
-17240
In base 3, what is -2 + -1010120012002200?
-1010120012002202
In base 10, what is -2737567 - 4?
-2737571
In base 8, what is -75265612 + 10?
-75265602
In base 11, what is 155a00aa - 1?
155a00a9
In base 9, what is 6 - -188155803?
188155810
In base 10, what is 1518 + 23282?
24800
In base 16, what is -1b - 522c5?
-522e0
In base 9, what is 2762840 - 14?
2762825
In base 15, what is 1 + 11dd424b?
11dd424c
In base 7, what is -34105535 + -12?
-34105550
In base 8, what is -107417 + -676?
-110315
In base 16, what is b2c + -77d6?
-6caa
In base 13, what is -7830ab27 + 3?
-7830ab24
In base 14, what is b - -9c5668?
9c5675
In base 11, what is 13a859 + 27a?
140028
In base 2, what is -111000101 + -1010010100101000?
-1010011011101101
In base 16, what is 22a54b - 18b?
22a3c0
In base 7, what is -66 - 33162426?
-33162525
In base 14, what is -1cd + -2d1cdc?
-2d20cb
In base 16, what is -2 - -259678?
259676
In base 9, what is 160136 - 206?
158830
In base 5, what is -1331431411332 + -2?
-1331431411334
In base 8, what is 6 - -66512423?
66512431
In base 11, what is a20 + 31942?
32862
In base 16, what is 2 + 1d3c784?
1d3c786
In base 14, what is 12c - 1b1861?
-1b1733
In base 13, what is -234 - -82830?
825c9
In base 11, what is 7 - -88862?
88869
In base 3, what is 20010111 - -12211011?
102221122
In base 8, what is -277 - -236640?
236341
In base 2, what is -100101 - -11101110111111111111?
11101110111111011010
In base 5, what is -3 + -1022344331?
-1022344334
In base 7, what is 654004 - -103?
654110
In base 2, what is -11110 + 111010100100011000110000?
111010100100011000010010
In base 9, what is 4 - 10171372?
-10171367
In base 7, what is -4 + 23522562?
23522555
In base 3, what is 1 - 121121110122021?
-121121110122020
In base 3, what is -20000 + 12211012112?
12210222112
In base 13, what is -38a7a8 + -a?
-38a7b5
In base 13, what is 254a173 + 4?
254a177
In base 5, what is -12 - 23112111?
-23112123
In base 11, what is 2 - 207466a?
-2074668
In base 8, what is 3 - -10617402?
10617405
In base 10, what is -2 + 3920528?
3920526
In base 7, what is -134 - -2654?
2520
In base 4, what is 1 - -33001302201?
33001302202
In base 9, what is -3428227655 - -3?
-3428227652
In base 10, what is -1 - 34691694?
-34691695
In base 12, what is -b + 2baa693?
2baa684
In base 8, what is 2732546 + -1253?
2731273
In base 14, what is -c55a + -88a?
-d006
In base 14, what is -1 - -1cd214?
1cd213
In base 8, what is 13 + 112204?
112217
In base 12, what is -3592 - 511?
-3aa3
In base 3, what is 1210220 - -122000111?
200211101
In base 8, what is 1556 - 22324?
-20546
In base 6, what is 20 + 101324101?
101324121
In base 16, what is 0 + -2420ce3?
-2420ce3
In base 9, what is -3401202 + 4?
-3401187
In base 6, what is -44 - -144030034?
144025550
In base 9, what is -2 - 1741661?
-1741663
In base 13, what is 61 + 5b3b3c?
5b3ba0
In base 11, what is -151 + -5aa02?
-60053
In base 7, what is 23514146061 + 5?
23514146066
In base 11, what is 3420364 - 13?
3420351
In base 8, what is 37304 + 1311?
40615
In base 9, what is 168 + -3764144?
-3763865
In base 14, what is 50994 + -501?
50493
In base 14, what is 1 + 1650535?
1650536
In base 10, what is -63 + 114709?
114646
In base 4, what is 3032 - -20213132010?
20213201102
In base 9, what is -2702654 - -3?
-2702651
In base 9, what is 2 + 27838664?
27838666
In base 11, what is -368 + -10965?
-11222
In base 9, what is 42 + -12228?
-12176
In base 16, what is 421fa6 + -7f?
421f27
In base 10, what is 1113453272 + 4?
1113453276
In base 9, what is 17 - -10600762?
10600780
In base 14, what is -31a - 2b9959?
-2b9c75
In base 4, what is -1 - 211130121113?
-211130121120
In base 10, what is -4312792 - -2?
-4312790
In base 10, what is -5681 + 187?
-5494
In base 7, what is -4126043 - -365?
-4125345
In base 6, what is 12225 - -1422233?
1434502
In base 12, what is -3 - -309005b?
3090058
In base 2, what is 10000001 - 1011010100101010111?
-1011010100011010110
In base 3, what is -10 - 1022202120112?
-1022202120122
In base 3, what is -2222122100220 + 101110?
-2222121222110
In base 2, what is 1000110110100011 + 10110001000?
1001001100101011
In base 4, what is -1023 - -12320230?
12313201
In base 2, what is -10110001111011001111010 - 0?
-10110001111011001111010
In base 12, what is 1a4ab8 + 1?
1a4ab9
In base 16, what is 27446 + 922?
27d68